e 10) to base 2
-111000101111111100
393266 (base 14) to base 5
1000433210
-24231001 (base 7) to base 3
-11001200101011
Convert -102011012100 (base 3) to base 13.
-78c33
-2670242 (base 11) to base 16
-46606b
What is 25675052 (base 9) in base 7?
212220401
-10211100 (base 3) to base 16
-ae6
What is 11223023 (base 4) in base 6?
255335
What is 59a433 (base 11) in base 4?
3220021012
561306 (base 8) to base 12
91546
What is -211200211012 (base 3) in base 2?
-1101101000100011011
111120211202 (base 3) to base 16
414a4
What is 15c3 (base 13) in base 9?
4346
-243291 (base 10) to base 14
-6493d
Convert 353672 (base 8) to base 13.
42c75
Convert -137831d (base 14) to base 11.
-53642a7
What is 2c68c (base 16) in base 8?
543214
40489 (base 12) to base 3
11020201020
-1501005 (base 7) to base 4
-301110300
What is -241025402 (base 6) in base 5?
-2124420300
15a168 (base 13) to base 15
a8d9d
Convert 13254451 (base 6) to base 14.
b7611
1424156 (base 10) to base 3
2200100120112
What is 110100111011011 (base 2) in base 12?
13823
170448 (base 11) to base 16
4078a
-3d8d2d (base 16) to base 2
-1111011000110100101101
Convert -9686b6 (base 12) to base 13.
-653943
221211122 (base 4) to base 11
106a76
Convert -5633723 (base 8) to base 7.
-15635131
Convert -11101202102 (base 3) to base 15.
-1a9b8
-8855 (base 16) to base 7
-203516
62a51 (base 15) to base 13
ac507
Convert 58823 (base 10) to base 13.
20a0b
-8c0ccd (base 16) to base 11
-51a9895
Convert -4a2152b (base 12) to base 4.
-313032032303
What is -63665 (base 10) in base 9?
-106288
What is 1670 (base 9) in base 10?
1278
What is 13130421 (base 6) in base 13?
121678
-231401 (base 5) to base 3
-102110022
Convert -32792 (base 12) to base 15.
-14bc2
710266 (base 9) to base 13
1192c5
Convert -425163 (base 7) to base 6.
-1325503
Convert 31099 (base 13) to base 4.
111133012
What is -2012200100021 (base 3) in base 12?
-487951
Convert -8beef (base 16) to base 10.
-573167
Convert 22000121 (base 4) to base 12.
1b875
-3015040 (base 6) to base 12
-6a480
1141405154 (base 6) to base 7
215060332
What is 5014252 (base 6) in base 8?
714030
Convert 46606 (base 11) to base 7.
400105
10313323123 (base 4) to base 5
311341114
Convert 522342 (base 9) to base 14.
81026
Convert 11202220222101 (base 3) to base 14.
4a0b16
What is 36dd3 (base 14) in base 8?
406455
-3277440 (base 8) to base 11
-554602
What is 535300153 (base 6) in base 12?
321a659
What is -11577622 (base 8) in base 13?
-6b6407
99b5b4 (base 13) to base 11
2055715
28480a (base 12) to base 2
10100011111110001010
252417 (base 9) to base 12
74451
What is -309254 (base 13) in base 8?
-4246753
Convert 27071356 (base 8) to base 15.
7ea2a9
What is -285172 (base 9) in base 15?
-36a02
What is -707064 (base 14) in base 8?
-16336600
Convert 1a8f7 (base 16) to base 8.
324367
Convert -57025607 (base 8) to base 7.
-206551044
135a94 (base 16) to base 2
100110101101010010100
What is 137051 (base 10) in base 7?
1110365
Convert -3026172 (base 8) to base 5.
-201012233
Convert 113323332312 (base 4) to base 13.
13b9222
-14024303 (base 5) to base 3
-21020102001
What is -111110111010011001 (base 2) in base 13?
-903a3
Convert -11001101100100110 (base 2) to base 3.
-12100101022
What is 14340222 (base 6) in base 8?
1707066
What is 1111031113 (base 4) in base 13?
c2b24
What is -15da13 (base 14) in base 8?
-2733101
-4755601 (base 9) to base 14
-4b0b12
Convert -3323110000 (base 4) to base 11.
-643427
Convert -12110112122 (base 3) to base 11.
-738a0
Convert -217870 (base 11) to base 4.
-1110233201
-11111201111201 (base 3) to base 14
-4651b2
20151522 (base 7) to base 15
231b1c
What is 390506 (base 11) in base 9?
1137315
10000111011111100110 (base 2) to base 9
1035256
What is 3c596 (base 13) in base 5?
12104030
Convert -10101010010010111 (base 2) to base 7.
-512126
-18c99c3 (base 13) to base 15
-ab3293
What is -222a1 (base 11) in base 4?
-13320221
Convert -2202221212201 (base 3) to base 11.
-91854a
Convert -103122230 (base 4) to base 2.
-10011011010101100
Convert 10010100110110100 (base 2) to base 5.
4414322
Convert -1043202435 (base 6) to base 12.
-397641b
37b3bc (base 14) to base 9
3535523
What is -1402533 (base 6) in base 4?
-103020321
Convert -43130555 (base 6) to base 11.
-799402
-34f7e (base 16) to base 3
-102000121111
Convert 1032011040 (base 5) to base 11.
1286616
What is 21310212202 (base 4) in base 16?
2749a2
What is 620453 (base 7) in base 4?
121312112
Convert 1321022333 (base 4) to base 11.
30998a
-1a9471 (base 15) to base 5
-313001011
-32677662 (base 8) to base 5
-3300420132
3c850a (base 13) to base 12
5b1742
Convert -122200110102 (base 3) to base 15.
-6d1e8
What is 11011110101110101 (base 2) in base 11?
78750
-100122110101 (base 3) to base 11
-11a723
Convert -12436722 (base 8) to base 10.
-2768338
Convert 416424 (base 7) to base 9.
118560
-27855 (base 11) to base 9
-60320
-4412203 (base 5) to base 13
-28738
Convert -1b9c5 (base 14) to base 15.
-15d77
Convert -102101450 (base 6) to base 15.
-252ae9
3012200323 (base 4) to base 16
c683b
Convert -212030030 (base 4) to base 10.
-156428
What is 1000111010100101100010 (base 2) in base 7?
25602524
235025 (base 11) to base 3
200221020222
Convert 81781 (base 10) to base 5.
10104111
What is -14705716 (base 8) in base 10?
-3378126
Convert -1331014444 (base 5) to base 8.
-14702171
Convert -99514 (base 15) to base 13.
-140968
Convert 12101043 (base 5) to base 14.
2d0a4
What is -1402100432 (base 5) in base 12?
-1232571
Convert 44011 (base 6) to base 12.
3607
a60438 (base 11) to base 15
23858b
-101110000000011001101 (base 2) to base 7
-15546066
Convert -62336302 (base 7) to base 3.
-100212000222021
Convert 129603 (base 12) to base 2.
1001010111000100011
131223023122 (base 4) to base 9
15565741
27738 (base 9) to base 13
8753
What is 601505 (base 9) in base 2?
1010110110001101001
Convert -3232101331 (base 4) to base 8.
-3562175
-211206611 (base 7) to base 8
-57553220
-12142342 (base 8) to base 13
-727194
What is 289965 (base 10) in base 7?
2315244
14a7 (base 11) to base 15
88c
1013338 (base 14) to base 7
121254601
What is 208670 (base 9) in base 8?
363077
Convert 120110111100 (base 3) to base 6.
10305013
289b1b0 (base 12) to base 8
37122124
What is -27c626 (base 14) in base 8?
-5204612
-2322002021 (base 4) to base 13
-208aab
7c15a7 (base 14) to base 16
4089ff
333358 (base 11) to base 12
2176b3
What is -20403013 (base 7) in base 10?
-1715353
Convert -1144243 (base 6) to base 8.
-166243
Convert -478bc (base 13) to base 5.
-13144010
-7ab08 (base 15) to base 11
-247519
What is -37f0f4 (base 16) in base 3?
-20220021000212
What is 1cec9a (base 15) in base 16?
159f0a
-1152223334 (base 6) to base 5
-11344103401
Convert 34135412 (base 6) to base 15.
157e38
-223054030 (base 6) to base 8
-17406202
What is 42dadd (base 14) in base 9?
4233267
Convert -3129608 (base 10) to base 12.
-106b148
234373 (base 9) to base 10
141006
Convert -1b72 (base 15) to base 11.
-4526
What is 23111202023 (base 4) in base 8?
13254213
150635 (base 11) to base 9
387343
What is -d988a (base 16) in base 11?
-559487
Convert -2333311210 (base 4) to base 11.
-4973a1
What is 322423220 (base 5) in base 3?
2120210011121
What is -3399a6a (base 11) in base 2?
-10110101010111001010110
415514 (base 9) to base 6
5142404
What is -1080147 (base 11) in base 3?
-10112222000211
-4577 (base 11) to base 4
-1131331
What is 13334240 (base 5) in base 16?
21674
What is -463577 (base 8) in base 16?
-2677f
-120200122120001 (base 3) to base 4
-133303310110
What is 77496 (base 11) in base 10?
112393
Convert -11010011100111100001 (base 2) to base 13.
-2446ba
Convert 510c76 (base 14) to base 4.
22122200020
Convert -98de6 (base 16) to base 4.
-2120313212
What is -12110200110022 (base 3) in base 11?
-1705a66
1141413400 (base 5) to base 6
133320431
What is 10134146 (base 7) in base 11?
52a966
What is -200330301 (base 4) in base 13?
-49578
Convert -211263032 (base 7) to base 13.
-2794808
21213123103 (base 4) to base 15
34bd77
Convert -23411424 (base 6) to base 12.
-2b3b74
What is f0ec (base 16) in base 3?
10010121022
What is 52e1d (base 16) in base 12?
144565
-845948 (base 11) to base 9
-2484347
What is 111122212 (base 4) in base 9?
143284
601650 (base 8) to base 13
6bbb9
What is 219c88 (base 14) in base 7?
12462131
Convert -2253b2 (base